{"id":11,"date":"2010-10-17T20:48:29","date_gmt":"2010-10-17T20:48:29","guid":{"rendered":"http:\/\/www.manchester-terriers.nl\/wordpress\/?page_id=11"},"modified":"2014-04-04T20:23:45","modified_gmt":"2014-04-04T20:23:45","slug":"het-karakter","status":"publish","type":"page","link":"https:\/\/www.manchester-terriers.nl\/wordpress\/?page_id=11","title":{"rendered":"Het karakter"},"content":{"rendered":"<p>Een werk- en schoothond in \u00e9\u00e9n. De Manchester terri\u00ebr is een vurige, vrolijke en bedrijvige hond. Het is net een kleine, zwarte wervelwind als hij vrij rent. Hij is snel en enorm wendbaar.<\/p>\n<p>De Manchester terri\u00ebr heeft een goed gezichtsveld en hoort nagenoeg alles. Er is weinig dat aan zijn aandacht ontsnapt. Een ideale waakhond, maar dan in een klein jasje. De Manchester terri\u00ebr zal met zijn \u2018grote blaf\u2019 zijn eigenaar laten weten dat er iets of iemand aankomt. Hij slaat direct aan als hij onraad bespeurt.<\/p>\n<p>De Manchester terri\u00ebr heeft een vasthoudend en onbevreesd karakter. Als iets zijn aandacht heeft, zal hij niet aflaten voordat hij weet wat er aan de hand is. Als eigenaar kunt u dan roepen wat u wilt, maar u zult echt even geduld moeten hebben. De Manchester terri\u00ebr bepaalt wanneer het genoeg is. De Manchester terri\u00ebr is misschien niet groot, maar onvervaard. Dit is niet vreemd. Vroeger moest de hond zelfstandig werken en beslissingen nemen. Dus als eigenaar moet u niet vreemd opkijken als uw dame of heer die grote hond even laat merken dat hij of zij er ook mag zijn.<br \/>\nReuen kunnen dominant zijn naar andere reuen. Teven zijn doorgaans toleranter. Een reu accepteert een correctie sneller, een teef kan langer doormokken. Reuen zijn in huis aanhankelijker naar de eigenaar en teven zijn over het algemeen buiten aanhankelijker naar de eigenaar.<\/p>\n<p>Door zijn elegante bouw, met een goed beendergestel, is de Manchester terri\u00ebr snel en wendbaar. Menigeen staat hier versteld van. De Manchester terri\u00ebr is voor zijn baas een aanhankelijke hond en hij vindt het heerlijk om samen met hem activiteiten te ondernemen. Voor flinke wandelingen draait hij zijn poot niet om. De Manchester terri\u00ebr leert graag en snel. Oefeningen die te lang doorgaan, zorgen er voor dat de Manchester zich verveelt. En dan doet hij niet meer wat zijn eigenaar van hem vraagt. De eigenaar van een Manchester terri\u00ebr moet stevig in zijn schoenen staan, omdat de Manchester terri\u00ebr behoorlijk koppig kan zijn. Hij kan zo zijn eigen idee\u00ebn over de zinvolheid van bepaalde commando\u2019s hebben. Duidelijkheid, vasthoudendheid en respect voor elkaar zijn belangrijk. Een harde hand werkt niet bij de Manchester terri\u00ebr, met vriendelijkheid komt de eigenaar veel verder. De Manchester terri\u00ebr houdt van actie. In sporten als flyball, behendigheid, doggydance en dogfrisbee kan hij zijn energie prima kwijt.<\/p>\n<p>De Manchester Terri\u00ebr heeft een gereserveerd karakter. De leden binnen het gezin zijn voor hem alles. Vreemden zal hij terughoudend betreden. Eenmaal zijn hart gestolen, is hij een vriend voor het leven.<\/p>\n<p>De Manchester is niet zo van koude gediend. Dit komt door zijn enkelvoudige vacht. De Manchester Terri\u00ebr heeft geen ondervacht om te isoleren. \u00a0Buiten stil staan bij guur weer zorgt voor de nodige bibbers. In huis kruipen ze graag op schoot, tegen de kachel of onder een deken.<\/p>\n","protected":false},"excerpt":{"rendered":"<p>Een werk- en schoothond in \u00e9\u00e9n. De Manchester terri\u00ebr is een vurige, vrolijke en bedrijvige hond. Het is net een kleine, zwarte wervelwind als hij vrij rent. Hij is snel en enorm wendbaar. De Manchester terri\u00ebr heeft een goed gezichtsveld en hoort nagenoeg alles. Er is weinig dat aan zijn aandacht ontsnapt. Een ideale waakhond, [&hellip;]<\/p>\n","protected":false},"author":1,"featured_media":0,"parent":7,"menu_order":0,"comment_status":"closed","ping_status":"closed","template":"full-width-homepage.php","meta":{"footnotes":""},"class_list":["post-11","page","type-page","status-publish","hentry"],"_links":{"self":[{"href":"https:\/\/www.manchester-terriers.nl\/wordpress\/index.php?rest_route=\/wp\/v2\/pages\/11","targetHints":{"allow":["GET"]}}],"collection":[{"href":"https:\/\/www.manchester-terriers.nl\/wordpress\/index.php?rest_route=\/wp\/v2\/pages"}],"about":[{"href":"https:\/\/www.manchester-terriers.nl\/wordpress\/index.php?rest_route=\/wp\/v2\/types\/page"}],"author":[{"embeddable":true,"href":"https:\/\/www.manchester-terriers.nl\/wordpress\/index.php?rest_route=\/wp\/v2\/users\/1"}],"replies":[{"embeddable":true,"href":"https:\/\/www.manchester-terriers.nl\/wordpress\/index.php?rest_route=%2Fwp%2Fv2%2Fcomments&post=11"}],"version-history":[{"count":8,"href":"https:\/\/www.manchester-terriers.nl\/wordpress\/index.php?rest_route=\/wp\/v2\/pages\/11\/revisions"}],"predecessor-version":[{"id":1316,"href":"https:\/\/www.manchester-terriers.nl\/wordpress\/index.php?rest_route=\/wp\/v2\/pages\/11\/revisions\/1316"}],"up":[{"embeddable":true,"href":"https:\/\/www.manchester-terriers.nl\/wordpress\/index.php?rest_route=\/wp\/v2\/pages\/7"}],"wp:attachment":[{"href":"https:\/\/www.manchester-terriers.nl\/wordpress\/index.php?rest_route=%2Fwp%2Fv2%2Fmedia&parent=11"}],"curies":[{"name":"wp","href":"https:\/\/api.w.org\/{rel}","templated":true}]}}